5.
-1
Convert 2a (base 15) to base 16.
28
Convert -3 (base 6) to base 16.
-3
-11021 (base 3) to base 14
-83
What is -2 (base 15) in base 5?
-2
-36 (base 11) to base 16
-27
What is 4 (base 13) in base 5?
4
What is -1041 (base 5) in base 7?
-266
-37 (base 11) to base 15
-2a
What is -163 (base 9) in base 5?
-1023
Convert 4 (base 5) to base 9.
4
What is -3b (base 13) in base 2?
-110010
-5 (base 13) to base 15
-5
Convert 281 (base 10) to base 5.
2111
Convert 15a (base 14) to base 3.
101020
Convert 0 (base 16) to base 11.
0
Convert -20 (base 12) to base 9.
-26
74 (base 9) to base 12
57
4 (base 6) to base 11
4
Convert -10010011 (base 2) to base 3.
-12110
Convert 0 (base 2) to base 12.
0
Convert -58 (base 10) to base 13.
-46
-7 (base 16) to base 11
-7
Convert -10 (base 4) to base 9.
-4
Convert -1 (base 5) to base 13.
-1
What is -5 (base 13) in base 11?
-5
Convert 15 (base 6) to base 14.
b
What is 3 (base 15) in base 6?
3
Convert -10 (base 2) to base 14.
-2
What is 2022 (base 3) in base 11?
57
-2 (base 6) to base 10
-2
What is -1 (base 14) in base 13?
-1
Convert -1 (base 15) to base 8.
-1
Convert 0 (base 15) to base 16.
0
Convert -1402 (base 5) to base 3.
-22102
-102 (base 4) to base 8
-22
-11011010 (base 2) to base 8
-332
Convert -11 (base 12) to base 13.
-10
0 (base 2) to base 16
0
Convert 57 (base 8) to base 12.
3b
What is -210 (base 4) in base 11?
-33
What is 98 (base 11) in base 2?
1101011
Convert 17 (base 16) to base 14.
19
What is -12 (base 7) in base 3?
-100
What is -cd (base 16) in base 10?
-205
Convert -1 (base 11) to base 6.
-1
-10 (base 6) to base 15
-6
Convert -6 (base 13) to base 6.
-10
Convert 11 (base 7) to base 11.
8
Convert -1 (base 16) to base 9.
-1
-550 (base 6) to base 10
-210
What is 9 (base 14) in base 2?
1001
Convert -11 (base 10) to base 12.
-b
What is -3 (base 8) in base 15?
-3
3 (base 16) to base 13
3
Convert -51 (base 8) to base 2.
-101001
Convert -9 (base 12) to base 14.
-9
What is 1a (base 12) in base 4?
112
4 (base 8) to base 4
10
101 (base 8) to base 11
5a
Convert 33 (base 13) to base 3.
1120
What is -a7 (base 13) in base 12?
-b5
-4 (base 10) to base 14
-4
-103 (base 12) to base 10
-147
Convert 6 (base 10) to base 5.
11
Convert 342 (base 6) to base 9.
158
Convert 22 (base 4) to base 9.
11
-12 (base 6) to base 11
-8
15 (base 14) to base 16
13
-24 (base 7) to base 9
-20
What is 341 (base 9) in base 7?
550
Convert 0 (base 11) to base 12.
0
What is 2 (base 12) in base 8?
2
0 (base 10) to base 6
0
What is -11 (base 3) in base 6?
-4
-111 (base 3) to base 11
-12
What is 1 (base 4) in base 7?
1
4 (base 7) to base 10
4
5 (base 13) to base 9
5
What is 5a (base 12) in base 11?
64
What is -12 (base 6) in base 8?
-10
Convert 1111 (base 4) to base 14.
61
-103 (base 4) to base 7
-25
-53 (base 14) to base 16
-49
2 (base 16) to base 6
2
Convert 1 (base 2) to base 4.
1
What is 10 (base 3) in base 5?
3
-7 (base 12) to base 7
-10
What is 12 (base 4) in base 8?
6
-2 (base 13) to base 2
-10
10e (base 15) to base 11
1a8
What is -24 (base 9) in base 4?
-112
4 (base 15) to base 7
4
0 (base 13) to base 3
0
What is 60 (base 7) in base 12?
36
116 (base 13) to base 4
2330
What is 4 (base 13) in base 3?
11
Convert -1 (base 7) to base 9.
-1
100101 (base 2) to base 12
31
What is -11 (base 9) in base 8?
-12
12 (base 16) to base 6
30
56 (base 11) to base 6
141
What is -13 (base 4) in base 2?
-111
Convert -10110 (base 3) to base 5.
-333
What is -3 (base 5) in base 10?
-3
What is 15 (base 15) in base 6?
32
What is -2100 (base 3) in base 7?
-120
What is 5 (base 8) in base 12?
5
Convert -212 (base 3) to base 11.
-21
What is 13 (base 8) in base 11?
10
What is -9 (base 11) in base 2?
-1001
3 (base 15) to base 8
3
What is -4 (base 10) in base 5?
-4
-103 (base 4) to base 10
-19
Convert -20 (base 10) to base 14.
-16
-31 (base 9) to base 14
-20
76 (base 16) to base 11
a8
Convert -30 (base 5) to base 13.
-12
132 (base 5) to base 3
1120
410 (base 6) to base 2
10010110
Convert 206 (base 8) to base 12.
b2
30 (base 4) to base 11
11
1010 (base 2) to base 15
a
What is -1 (base 11) in base 6?
-1
Convert a (base 16) to base 13.
a
What is 1 (base 12) in base 13?
1
What is 18 (base 12) in base 3?
202
What is -1 (base 4) in base 16?
-1
-26 (base 16) to base 5
-123
12 (base 3) to base 7
5
e4 (base 15) to base 3
21221
What is 53 (base 8) in base 4?
223
What is -2 (base 8) in base 15?
-2
What is 134 (base 12) in base 9?
224
Convert 10001 (base 2) to base 15.
12
-2 (base 6) to base 4
-2
Convert -b (base 14) to base 3.
-102
What is 0 (base 7) in base 3?
0
Convert -212 (base 6) to base 2.
-1010000
Convert 2e (base 15) to base 3.
1122
What is -100001011 (base 2) in base 15?
-12c
What is 70 (base 8) in base 10?
56
-12 (base 4) to base 5
-11
What is -6 (base 15) in base 7?
-6
Convert -35 (base 9) to base 11.
-2a
Convert -2 (base 16) to base 14.
-2
Convert -2 (base 16) to base 2.
-10
What is -1 (base 15) in base 12?
-1
12 (base 12) to base 14
10
Convert 39 (base 10) to base 12.
33
-1011101 (base 2) to base 3
-10110
Convert -1250 (base 6) to base 8.
-476
What is -140 (base 7) in base 16?
-4d
6 (base 11) to base 15
6
Convert 0 (base 8) to base 14.
0
Convert -3 (base 4) to base 13.
-3
cd (base 14) to base 2
10110101
What is 1011 (base 2) in base 12?
b
What is -c (base 15) in base 2?
-1100
-100 (base 2) to base 7
-4
-21 (base 3) to base 10
-7
Convert 17 (base 12) to base 8.
23
Convert 413 (base 5) to base 13.
84
1001 (base 4) to base 13
50
-c7 (base 15) to base 2
-10111011
-10 (base 2) to base 14
-2
25 (base 13) to base 3
1011
Convert -1111011 (base 2) to base 4.
-1323
230 (base 10) to base 3
22112
Convert -11 (base 10) to base 8.
-13
Convert 6 (base 14) to base 15.
6
Convert -1e (base 16) to base 7.
-42
4 (base 10) to base 7
4
Convert 3 (base 15) to base 3.
10
What is 0 (base 7) in base 8?
0
-2 (base 9) to base 14
-2
-33 (base 4) to base 15
-10
0 (base 5) to base 3
0
What is 0 (base 2) in base 4?
0
156 (base 7) to base 14
66
What is -136 (base 10) in base 6?
-344
Convert -39 (base 15) to base 14.
-3c
Convert b (base 13) to base 9.
12
122 (base 11) to base 5
1040
What is -1a (base 15) in base 16?
-19
-27 (base 15) to base 3
-1101
-110010000 (base 2) to base 14
-208
What is 20 (base 16) in base 13?
26
56 (base 7) to base 13
32
What is -203 (base 4) in base 11?
-32
-111 (base 13) to base 6
-503
What is -3 (base 12) in base 16?
-3
1 (base 4) to base 13
1
What is -100 (base 3) in base 15?
-9
Convert -3 (base 13) to base 5.
-3
-2 (base 11) to base 7
-2
-1 (base 13) to base 10
-1
-1342 (base 5) to base 2
-11011110
-212 (base 5) to base 16
-39
3 (base 13) to base 7
3
What is -5 (base 8) in base 2?
-101
-31 (base 7) to base 11
-20
Convert 0 (base 7) to base 5.
0
Convert 7 (base 10) to base 11.
7
Convert -5 (base 9) to base 3.
-12
What is 2 (base 16) in base 7?
2
What is 1 (base 12) in base 13?
1
What is -9 (base 15) in base 2?
-1001
-164 (base 12) to base 4
-3130
What is 10 (base 6) in base 4?
12
What is -312 (base 5) in base 13?
-64
What is 51 (base 6) in base 11?
29
What is 3 (base 15) in base 5?
3
Convert 2 (base 14) to base 10.
2
11 (base 9) to base 2
1010
What is 313 (base 9) in base 8?
377
-2 (base 14) to base 5
-2
-6 (base 11) to base 8
-6
-3 (base 5) to base 11
-3
What is -3102 (base 4) in base 12?
-156
What is -31 (base 9) in base 4?
-130
What is -1 (base 13) in base 7?
-1
What is -10 (base 3) in base 10?
-3
-100100 (base 2) to base 5
-121
What is 1b (base 15) in base 7?
35
Convert -1b (base 16) to base 4.
-123
What is -223 (base 5) in base 9?
-70
Convert -261 (base 7) to base 9.
-166
What is 14 (base 7) in base 15?
b
What is -24 (base 13) in base 7?
-42
Convert -11 (base 2) to base 15.
-3
0 (base 8) to base 12
0
Convert -1111010 (base 2) to base 15.
-82
What is -6 (base 15) in base 2?
-110
110 (base 3) to base 16
c
What is 0 (base 15) in base 2?
0
What is -3 (base 8) in base 10?
-3
-87 (base 10) to base 8
-127
Convert 36 (base 12) to base 4.
222
What is -88 (base 13) in base 16?
-70
Convert 2 (base 16) to base 6.
2
Convert -2 (base 13) to base 10.
-2
Convert -11220 (base 3) to base 8.
-204
Convert -72 (base 10) to base 13.
-57
What is -310 (base 5) in base 7?
-143
What is 132 (base 5) in base 7?
60
Convert 70 (base 10) to base 15.
4a
What is 5 (base 16) in base 14?
5
What is -3 (bas